first derivative of -2*k**3/3 + k**2/2 + 2*k + 7. Calculate p(2).
-4
Suppose -y = 2*y. Suppose 30 = -3*n + 6*x - x, 3*n + 3*x + 6 = y. Let p(f) = -f**3 - 4*f**2 + 4*f - 2. Calculate p(n).
3
Suppose 0 = 5*f - 10 - 0. Let b(i) = 6*i**3 - 3*i**3 - f*i**3 + 3*i**2. Let o be 3/(-1) - -2 - 2. Determine b(o).
0
Let z = -3 + 4. Suppose 0 = 2*r + 3 + z. Let t(p) be the first derivative of p**3/3 + p**2 - p + 4. What is t(r)?
-1
Let l(m) = -2*m**2 + 7*m - 1. Let u(q) = -q - 1 + 1 - 1 - q**2 + 2*q**2. Let g(c) = -l(c) - 3*u(c). Give g(-5).
-1
Let r(l) = -2*l + 2. Let g(c) = -c - 3. Let j be g(2). Determine r(j).
12
Suppose -3*k + 2*k = 1. Let b(s) = -s**3. Calculate b(k).
1
Let c be ((-24)/15)/(2/(-5)). Suppose 3*s - 5 = c. Let y(l) = s*l**2 + 3*l**2 - 2*l**2 + l - 5*l**2 + 4. Determine y(4).
-8
Suppose 2*w = 4*d + 12, -5*w = -w + 4*d - 12. Let x(m) be the first derivative of -3/2*m**2 - w*m + 2 + 1/3*m**3. What is x(5)?
6
Let i(w) = -2*w + 2. Let b(p) = 1. Let m be ((-75)/(-10))/((-1)/2). Let n(r) = m*b(r) + 5*i(r). Let v(o) = 9*o + 4. Let x(t) = -4*n(t) - 5*v(t). Give x(1).
-5
Suppose -27 = -5*d - 2. Let o(s) be the third derivative of -s**6/120 + s**5/12 - s**4/24 - 2*s**3/3 - 24*s**2 + 3*s. Give o(d).
-9
Let k = 2 + -2. Let r(m) = m - 2*m + k*m + 2. What is r(0)?
2
Let l(r) = -3*r - 11*r**2 + 15*r**2 - 5*r**2. What is l(-4)?
-4
Let c(g) = g**3 - 6*g**2 - g + 4. Let b be 648/21 + (-3)/(-21). Suppose -1 = -3*n + 2*n, -5*y - n + b = 0. Calculate c(y).
-2
Let m(b) = -2*b - 6. Suppose i + a + 14 = -2*i, i + 5*a = 14. Give m(i).
6
Let u(s) = 33 + 4*s**3 - 24 + 7*s**2 - 3*s**3. Calculate u(-7).
9
Let a(r) = -r**2 - 1. Let n(w) be the second derivative of w**3 + 3*w + 0 + 3*w**2 + 1/3*w**4. Let h(x) = 3*a(x) + n(x). Determine h(-5).
-2
Let r(s) be the second derivative of -17*s**3/6 + 9*s**2/2 - 6*s. Let o(j) = 9*j - 5. Let t(a) = 11*o(a) + 6*r(a). Calculate t(-4).
11
Let f(g) = g**2 - 7*g + 6. Let q be f(6). Suppose -4*y + 12 = -q. Let a(b) = 0*b + 1 + b - 3. Calculate a(y).
1
Let j(f) = 2*f - f + 1 - 1. Let l be j(-1). Let v(b) = -7*b**2 + b + 1. Determine v(l).
-7
Let l(s) = 5*s**2 - 2*s - 7. Let g(k) = -k**2 + k + 1. Let x(f) = -6*g(f) - l(f). Calculate x(3).
-2
Let k(f) = 4*f - 10 + 10 - 4 - 2*f**3 + 3*f**2. Calculate k(3).
-19
Let o(z) be the first derivative of -z**4/4 + 5*z**3/3 - 3*z**2 + 4*z - 1. Determine o(4).
-4
Let n(l) = 2*l - 2. Suppose -y - 6*u + u = -1, -u = 2*y + 7. Determine n(y).
-10
Let q(w) = 2*w + 1. Let u(g) = -g + 4*g - g - 3*g - 6. Let l be u(-5). Determine q(l).
-1
Let o(y) = -y**3 + y + 2. Let n be o(0). Let d(v) = v**3 + v**2 + 2*v - 1. Give d(n).
15
Let n be (-4)/(-2) - (-15)/(-3). Let l = 8 + n. Let p(c) = -7*c**2 + 1 + 7*c**2 + l*c**3. Give p(-1).
-4
Suppose 5*s = -5*g - 20, 2*g - 4*s - 16 = -36. Let k(w) = -w - 3. What is k(g)?
3
Let a(g) = g**2 + 3*g + 3. Suppose 0 = 4*p + 4*x - 6*x + 50, 0 = -5*p + 4*x - 70. Let k be p*1*3/6. Calculate a(k).
13
Let m be -1 + 6/3 + -1. Suppose m = 4*o + 3*h - 23, 3*o + 3*h - 5 = 13. Let j(x) = x**2 + x - 1 - x**3 + 5*x**2 - 6*x. What is j(o)?
-1
Let b(x) = -x**2 + x - 2. Suppose 2*c = 5*c. Suppose c*h = 2*h - 3*d, 4*d = -4*h + 20. Calculate b(h).
-8
Let q(k) = 2*k - 4*k + k + 9. Let y be q(6). Let t(a) = -2 - 2*a - a**2 + y + 0*a**2. Give t(-2).
1
Let r(o) = 9*o - 4. Let a = 2 - -5. Let u(c) = -6*c + 3. Let b(k) = a*u(k) + 5*r(k). Determine b(1).
4
Let c = -20 + 15. Let t = 17 - 11. Let g(m) = -m + 4. Let x(f) = -f + 3. Let q(y) = t*x(y) - 5*g(y). Determine q(c).
3
Let a(u) = -u**3 + 4*u**2 + 0*u + 2*u**2 - 3*u - 4. Let x = -26 - -31. Determine a(x).
6
Let z(o) = -o + 3. Let m be ((0/1)/(-2))/2. Suppose m*p = 2*p. Suppose -2*d + p*d + 8 = 0. Give z(d).
-1
Let s(n) = -n**3 - n**2 + n. Let v = -18 + 13. Let c = -21 + 26. Let q = v + c. Determine s(q).
0
Let s(j) = 3*j**3 - j**2 - j + 1. Let m be s(1). Suppose 0 = m*c + 12. Let b(n) be the second derivative of n**5/20 + n**4/2 + n**3/6 + 5*n**2/2 - n. Give b(c).
-1
Let b(a) = -a**3 - 2*a**2 + 2*a - 1. Suppose 4 = u + u. Suppose 2*t = -u, -o + 2 + 0 = -t. Give b(o).
-2
Suppose -2*w = -5*w + 12. Let q(g) = 2 + g**2 + g**3 + w*g - 6*g - 4 + 3*g. Calculate q(0).
-2
Let n(a) = -5*a - 4 + 3*a + 3*a. Determine n(7).
3
Let i(g) be the first derivative of -g**3/3 - 5*g**2/2 + 8. Suppose p = -h - 6, -3*h - 4*p - 4 = -4*h. Determine i(h).
4
Suppose 3*c - 9 = -3*z, 4*c + 12 - 39 = z. Let p(u) = 2*u - 7. Let g be p(c). Let x(j) = 4*j + 0*j**2 + 0*j + 3 - j**2. What is x(g)?
-2
Let t = -13 + 8. Let i(u) = -u - 1. Let r(l) = 5*l + 2. Let a(n) = 4*i(n) + r(n). Calculate a(t).
-7
Let h = -4 - -6. Let d(o) = 2*o**3 - 3*o**2 + 2*o - 2. What is d(h)?
6
Let l(x) be the second derivative of x**3/2 + x**2/2 - 17*x. What is l(2)?
7
Let z(m) = 2 + 7*m**3 + 0*m**3 + m**2 - 2*m - 6*m**3. Determine z(-3).
-10
Let g(k) = k**2 - 13*k + 15. Let t be g(10). Let j = t + 21. Let c = j - 5. Let z(y) = -3*y**2 - y. Give z(c).
-4
Let i(s) be the first derivative of s**4/4 - 3*s**3 + 7*s - 15. What is i(9)?
7
Let r(q) = -q**3 - 7*q**2 + 9*q + 3. Let g be r(-8). Let b(o) = -o - 1. What is b(g)?
4
Let n(y) = y**3 + 7*y**2 + 7*y + 6. Let z be n(-6). Suppose 1 = f - 2. Let m(q) = q + 4*q**2 - 2*q**2 - f*q**2. Determine m(z).
0
Let b = -5 + 7. Let a(p) = -b - 1 - 1 + 1 - p. Calculate a(-4).
1
Let k(d) = d**3 - 4*d**2 - 4*d - 6. Suppose 2*c + 90 = c. Let s be 2/(-7) - c/21. Suppose 3*q - 27 = 3*b, -s*q - 15 = -3*q + 5*b. What is k(q)?
-1
Suppose -3*g + 5*l = 21, 2*g - l + 4 = -3. Let i be 4/(-10) - g/5. Let j be i - (-8 - -2)/(-3). Let p(v) = v**3 + 2*v**2 + v + 2. What is p(j)?
0
Suppose -n - 10 = -6*n. Suppose -3*f + 8 = n. Suppose 0*s - f = s. Let z(l) = l**3 + 2*l**2 + l - 2. Calculate z(s).
-4
Let u(x) = -7*x**2 - x + 1. Let l = 20 + -23. Let w be 1*l - (6 + -10). What is u(w)?
-7
Let w(b) = 2*b + 3. Suppose -3*x = 17 - 2. Determine w(x).
-7
Let q(y) = y**3 + 2*y**2 - 2*y + 1. Let k(l) = -l + 2. Let n be k(-5). Let z = n + -10. Calculate q(z).
-2
Let r(o) = o**2 - o**3 - 7*o - 2 - 5*o**2 - 2*o**2. Determine r(-5).
8
Let n(b) be the first derivative of b**2/2 + 3*b + 4. Give n(3).
6
Let i(q) = -q**2. Let k be i(0). Let z(c) = -c**2 - c - 3. Determine z(k).
-3
Let z(v) = v + 6. Let t(f) be the third derivative of 2*f**6/15 + f**5/60 - f**4/24 - f**3/6 + f**2. Let c be t(-1). Let i be 12/c*30/4. Determine z(i).
0
Suppose 0*s = 4*s + 36. Let t(i) = i + 14. Let z be t(s). Let x(p) = -p**2 + 4*p + 7. Calculate x(z).
2
Suppose -h + 0 = -2. Let j = 6 - 4. Let f(i) = -h*i + i + i**j - 5*i + 1 + 2*i. Determine f(5).
6
Let q = 7 + 1. Let p(i) = -29*i**2 - 5. Let k = 4 + -7. Let g(s) = -10*s**2 - 2. Let r(h) = k*p(h) + q*g(h). Determine r(-1).
6
Let l(x) = -2*x**2 - 14 + 3*x**2 + 10 - 4*x. Suppose -r = a + 3, 2*r - 32 - 11 = 5*a. Let o(h) = h**2 - 4*h - 3. Let t(p) = a*o(p) + 6*l(p). Calculate t(3).
0
Let z be (-2 + (2 - 1))*-5. Let o = z - 6. Let y(d) = -5*d**2. What is y(o)?
-5
Let m be -2 + 2 + 1 + -2. Let v(k) be the third derivative of -k**4/6 - 20*k**2. Give v(m).
4
Let h = -2 + 4. Suppose h*b = 3*b. Let v(u) = -u**3 - u**2 + u - 9. Calculate v(b).
-9
Let b(u) = 11*u**2 - 2*u - 5. Let t(a) = -33*a**2 + 6*a + 14. Let f(c) = -c**3 + c**2 - 2*c + 1. Let l be f(-2). Let s(k) = l*b(k) + 6*t(k). Give s(1).
-10
Let n(v) = 2*v + 10. Let q(h) = -19 + 17*h - 9*h - 11*h. Let o(z) = 5*n(z) + 3*q(z). Calculate o(4).
-3
Let z(q) be the third derivative of -q**6/720 - q**5/120 + q**4/24 - 2*q**2. Let k(p) be the second derivative of z(p). Determine k(1).
-2
Let b(m) be the third derivative of -m**4/24 + m**3/6 - 5*m**2. Determine b(-3).
4
Let z be (-4)/(-2)*(4 - 3). Let i(p) = -p + 1. Give i(z).
-1
Let n(f) = -f**2 + 8*f - 2. Suppose 0 = 5*y - 3*a + 39, -6*y - 31 = -3*y + 2*a. Let i = y + 17. Let m be n(i). Let v(z) = z**3 + 3*z**2 - 3*z - 3. Give v(m).
7
Let n = -8 + 4. Let j(x) = -6*x**2 + 6*x**2 + 3 - 3*x - 5*x**2 + 4*x**2. What is j(n)?
-1
Let x(n) = -n - 3. Let d be x(-3). Suppose 0*s - 5*s = d. Let g(t) = -t**3 + t**2 + t + 6. What is g(s)?
6
Let k(r) = -r**3 - 4*r**2 - 5*r - 3. Let w be k(-3). Let s(q) = 3*q - 3 + q - w*q - 6. Determine s(4).
-5
Let k be 2/(-7) + 33/(-7). Let v be (-8)/(-3) - (-2)/6. Let y(d) = -d**3 - 4*d**2 + 2*d - d**2 - 4 + v - 4*d. Give y(k).
9
Suppose -34 = -5*q - 3*m